) - 22.
-12
What is the value of 13 - (-14 + 25) - 8?
-6
What is the value of 26 - ((0 - -8) + -33 + 27)?
24
-15 - 0 - (-34 + -25 + 55)
-11
Evaluate 1 + 42 + -30 + 22 - (5 - 9).
39
What is the value of 0 + -2 - (288 + -268)?
-22
-1 + -4 - (-2 + 2) - 1 - -8
2
-7 - 10 - -33 - 30
-14
Calculate -5 + 19 + -14 - -1.
1
What is -37 - (-65 + 46) - (-4 + -1)?
-13
-12 - (-15 + (-2 - -2))
3
Evaluate 8 - (46 - 45 - -11).
-4
Calculate -19 - -4 - (-17 - -17).
-15
Evaluate 7 - ((54 - 27) + -42).
22
Evaluate 18 - (22 - (-5 - -22)).
13
Calculate (-63 + 25 - -25) + 10.
-3
Calculate -21 + 7 - (-9 + 20 + -8 - 4).
-13
Calculate (-5 - -19) + -8 + -9.
-3
41 + -48 - (0 + (1 - (-1 + 3)))
-6
7 - -1 - (-2 - -8)
2
Evaluate (26 + -20 - (11 - -7)) + -6.
-18
Evaluate 0 - 2 - -9 - ((-33 - -2) + 31).
7
What is the value of -5 - (-3 + -13 + 5) - 5?
1
What is 9 + -19 + -10 + (-6 + 5 - -5)?
-16
What is 1 + (-38 + 44 - (9 + -1))?
-1
Calculate (-1 - (-3 + 4 + (20 - 31))) + 8.
17
What is -54 + 61 + (-4 - 0) - 9 - 3?
-9
Evaluate -5 - (-1 + -31 - ((-2 - -7) + -12)).
20
What is -18 - (-21 + (15 - (2 + 3)) - -11)?
-18
Evaluate (-16 + 1 + 39 - 33) + 2 + 19.
12
Calculate (5 - (0 + 2 + 0)) + -12.
-9
What is -18 + (1 + 13 - 3 - (-6 - -10))?
-11
Evaluate -4 - (-1 + -14 + 0).
11
What is -6 + 0 + (-9 + 54 - 26) + 27?
40
-15 - (-1 - -10 - (11 - 13 - -3))
-23
What is (-6 - (3 + -4)) + 0 + -5?
-10
12 + -4 + (-7 - -7) + 2
10
What is 10 + (8 - 2) + (-5 - -4)?
15
What is -33 - 12 - 2 - -20?
-27
(-22 - -22) + (37 - 16)
21
What is (-14 + 19 - 11 - -18) + -11?
1
-13 + (-12 - -1) + 19 + 14 + -6
3
Calculate -3 - (20 + (1 + -1 - 10)).
-13
Calculate (17 - (-7 + 11)) + -20 + -23.
-30
Evaluate -19 - -1 - (6 + (0 - 0) + -12).
-12
Evaluate (8 - 0) + 3 + -16 - -1.
-4
What is the value of -17 + 21 + 21 - 49?
-24
What is 10 - (-6 + 19 + (-10 - -3))?
4
Evaluate -25 - -11 - -10 - (0 + 1 + -1).
-4
What is the value of (-30 - -24) + -24 + 9?
-21
What is (0 - -13) + 145 + -158?
0
Calculate 10 + 0 + -1 - (6 - 1) - 12.
-8
What is the value of 3 + (-20 - 6) - -23?
0
What is (-18 - -43) + -29 - ((-2 - 0) + -6)?
4
Calculate 15 + -4 + 7 + (4 - 15).
7
Evaluate -3 - ((0 - 0) + (-26 - -28) + 5).
-10
What is -7 + (3 - -5 - (14 - 3))?
-10
Calculate 42 - 64 - (-14 - 0).
-8
14 - 11 - (-1 + 0 - (-43 - -48))
9
What is the value of -1 - (-2 + 6 + -4 + 1)?
-2
Evaluate 6 + (12 + -5 + -11 - (-1 + 1)).
2
(-25 - 10) + 41 - (0 + 0)
6
Evaluate -7 + 4 - (-10 - -11).
-4
What is 1 - (-2 + 1 + -31 + 26 + 4)?
3
What is 7 + -3 + 2 + (-29 - (8 + -35))?
4
What is the value of -3 - (-3 + -4) - (16 + (-15 - -13))?
-10
What is 1 + 1 + (7 - -2 - (-16 + 12))?
15
Calculate 3 - (35 + -1 + (-3 - 9)).
-19
What is the value of -5 + (-1 + -4 + 9 - -3)?
2
Evaluate -4 + 0 + 7 + 2 + -6.
-1
Calculate -19 + (-13 - -32) + -1 + -8.
-9
What is 17 + -10 + (9 - 13)?
3
What is 2 + -4 - (-5 + 2)?
1
Calculate 5 + (-6 - -10) - (-5 + 5).
9
(1 + -3 - -8) + (-281 - -280)
5
What is 7 + -13 + 16 + -21 + (-7 - 2)?
-20
2 - -7 - 3 - (-12 + 15) - 18
-15
Calculate 0 + -7 - 6 - 9 - -6 - -6.
-10
What is 4 - 2 - (14 - (-4 + 6) - -3)?
-13
What is the value of -2 + -5 - -3 - (-6 - -21)?
-19
What is -7 + (13 - 25) - 6?
-25
Evaluate (-25 + -11 - -37) + 29 + -1.
29
(1 - -4) + (-30 - (-25 + (11 - 7)))
-4
Calculate -13 - (32 - (32 + 27)).
14
Evaluate -9 + 4 + -5 - (-13 - -6) - -11.
8
Calculate -12 + (13 - (13 - 10)) + 37.
35
Calculate -2 + 1 + 1 + (-9 - -3) + 0.
-6
What is the value of (8 - 2 - (-7 - -2)) + -8 - 11?
-8
Calculate 8 + (-3 - -12 - (0 + 8)).
9
Evaluate -6 + (-47 + 50 - (-1 + -10) - 2).
6
What is (34 - 30) + -13 + (-2 - -12) + 0?
1
Evaluate (11 - 0) + -21 + 28 + -36.
-18
What is 2 + -3 + 4 - (27 + -13 + 6)?
-17
Calculate -14 + (-2 - 9) - -7.
-18
Calculate (8 - 3) + (46 - 57).
-6
Calculate (13 - 6) + -2 + -14.
-9
What is 0 - -8 - (-8 - -1 - 2)?
17
What is 39 + -8 + 0 + 121 + -120 + -7?
25
What is -2 - 26 - (-396 + 393)?
-25
Evaluate 22 - 25 - (2 - 10).
5
6 + 9 + (10 - (21 - -2))
2
Evaluate (36 - 14) + -27 - (1 + 1 + -1).
-6
Calculate -1 + 3 - (-35 + 26 - (-32 + 5)).
-16
Evaluate -5 + (32 - 8) + -12 + 0.
7
13 + 4 + -13 - (-6 - -7)
3
Calculate (22 - -5) + -7 + -16.
4
Calculate (33 - (-30 + 50)) + -43.
-30
Calculate 2 + 5 + 0 + -2 - (30 + -27).
2
What is (-15 - (-29 - -17)) + 10 + 1?
8
What is 1 + -12 - -18 - (-1 + 1 + 3)?
4
19 + 0 + 8 + -16 - (-1 - 0)
12
What is the value of -1083 + 1099 - (0 - -1)?
15
1 - 0 - ((4 - 18) + 5) - -1
11
What is the value of (16 + -2 - 13) + -10?
-9
What is -4 - (-75 + 63 - (2 - -2))?
12
What is -3 + -3 - ((-7 - -10) + -18) - 1?
8
What is the value of 28 - ((36 - 35) + 38)?
-11
What is the value of 19 + -30 + 2 + 5 + 2?
-2
-4 - 23 - 4 - (-220 - -212)
-23
48 - (46 - 17 - -7)
12
What is the value of (2 - (5 - 11)) + -4 + 3?
7
Calculate -3 + (-20 - -27) + (-6 - 0).
-2
Calculate -23 - -18 - 1 - 4.
-10
What is the value of 16 - (2 + 9) - 0?
5
26 + -52 - (-6 + 3 + 2 - 7)
-18
What is 1 + 8 + 4 - (-49 - -58)?
4
Calculate (-12 - (-2 + -4 + 0 - -2)) + 5.
-3
Calculate (-10 + (-4 + 1 - -8) - -11) + 18.
24
7 + (-16 + 6 - -17) + -20
-6
Calculate -5 + -6 + (-8 - (-30 + 6)).
5
Calculate -21 + (-3 - (-3 - -2)) + (70 - 69).
-22
Evaluate -14 + (0 - -18) - 22.
-18
0 + -7 - ((-6 - -5) + -14 - -32)
-24
Calculate -8 + -4 + (25 - 14).
-1
What is the value of (15 - (39 + -46)) + -3?
19
What is the value of -8 - ((-34 - -21) + -17)?
22
Calculate -41 + 66 - -49 - 44.
30
What is the value of 0 + 13 + -9 - -2 - 8?
-2
Evaluate 0 - 4 - -16 - (23 + -17).
6
Evaluate 13 + (-24 - -3) + -2 + 32 + 2.
24
Evaluate (9 - (5 - -8) - 6) + 7.
-3
Evaluate -32 - (1 + (-9 - 3) + 13 - 0).
-34
Evaluate (2 + -8 - 3) + 15 + 1.
7
-16 - (-17 + -17) - (8 + -6)
16
Calculate 7 + (4 + -1 - 0 - (109 + -86)).
-13
Evaluate -17 + 0 + -28 + 25.
-20
Evaluate -16 + 39 + -14 + -1.
8
Calculate 463 + -444 - (-1 - -16) - (-2 + -1).
7
What is (-10 - (9 - -5 - 19)) + 27?
22
7 + (2 - 4) + (-1 - 1)
3
Calculate 54 + (-9 - 17) + -5.
23
What is (-11 - -6) + (-6 - -6 - 1) - -2?
-4
Evaluate -4 + -5 - (10 - 10) - 2.
-11
Evaluate (-1 - 23) + (41 - 47) + 16.
-14
What is the value of -32 + (9 - -9) - -2?
-12
Evaluate (-2 - 2) + -2 + (-22 - (-40 + 18)).
-6
What is 15 - (-13 + (13 - 0))?
15
What is the value of (-32 - 25) + 57 + -1 + (25 - 2)?
22
Evaluate 8 + 22 + -8 + -16.
6
Evaluate (47 - 47) + -4 + 1.
-3
Evaluate -17 + 23 - (11 + -2 - 2).
-1
What is 3 - 60 - (-7 - 22)?
-28
7 - (-3 - -4 - (3 + 0 - 7))
2
Calculate (-8 - (47 - 32)) + 6.
-17
What is the value of -7 + 2 - (6 - (6 + -3))?
-8
Calculate -2 - -1 - (1 - 0) - (-19 - -17).
0
What is the value of -18 - (28 - (55 + -24))?
-15
(-3 - -14 - (4 + -2)) + 21 + -5
25
Evaluate -150 + 160 - ((2 - 0) + (4 - 0)).
4
Calculate (-3 - 7) + 11 - 22.
-21
Calculate 2 + -7 + 4 + -15 + 8 + 3.
-5
-79 + 66 + (5 - 2) + 10
0
What is (0 + 0 - 0) + (-16 - (-2 + -5))?
-9
-25 + -2 - (-10 - (-13 + 1))
-29
Calculate -6 - -13 - (-18 + 12 + 11).
2
What is -3 - (-6 + 15 + -10 + -21 + 5)?
14
What is 21 + (-21 - (3 + -11)) - (15 - -1)?
-8
Calculate -34 - -60 - (22 - -2).
2
Calculate 6 - (22 + 0 + -9).
-7
Evaluate 26 - (12 - (-11 + 3)).
6
What is 29 - (14 + -22 - -21)?
16
Evaluate (-2 - -2) + (20 - 24) + 0.
-4
Calculate -9 - ((-5 - -13) + -18) - (0 - 3).
4
Evaluate 6 + (-5 - (-5 + 4)) - (6 + 1).
-5
Calculate 9 + 3 - (221 + -207 + -21 + 1).
18
Calculate (26 - (-21 + 13)) + -54.
-20
What is (5 - 7) + (-1 - -6) - 23?
-20
What is the value of -4 + -3 + -11 - -11?
-7
-11 + (-3 - -3 - (35 + -29))
-17
(9 - -5) + -9 - 23 - (3 - 4)
-17
What is the value of -10 + (20 - (17 + -2))?
-5
Calculate (225 - 226) + (21 - 5).
15
What is the value of 0 - ((0 - 0) + (34 - 34))?
0
What is the value of -4 + (8 - (24 - 21 - (0 - 0)))?
1
What is -2 - -33 - 4 - (11 + 0)?
16
-23 + 2 + -13 - -18
-16
Evaluate (-13 - -7) + 6 + (-3 - -35 - 9).
23
What is 15 + (-7 - (-1 + -2 - (-10 + 9)))?
10
Evaluate 20 + 9 + 27 + -25.
31
Calculate -37 + -4 + 25 + 44.
28
What is the value of -19 - -3 - -11 - -2?
-3
What is the value of (0 - -16) + (-12 - (-28 + (7 - -6)))?
19
Calculate 1 + (-10 - (-25 - -3)).
13
-6 + -6 + 11 - 11 - -5 - -7
0
9 - (2 - 18 - -14)
11
Calculate 324 + -329 - ((-1 - 2) + 13).
-15
Evaluate (0 - 1) + (-1 + 2 + 1 - 12).
-11
What is the value of (45 - 1) + -11 + (0 + 0 - 7)?
26
What is 0 + -6 + (6 - (-7 - (17 + -42)))?
-18
Calculate 1 